et v(r) = -2*a(r) + 3*z(r). What is v(6)?
-3
Let x(p) = p**2 - 12*p + 11. Let f(z) = -z + 1. Let u(a) = -2*f(a) + x(a). Calculate u(8).
-7
Let m(d) = 4. Let o(q) = q. Let b = 7 - 6. Let r(s) = b*o(s) - m(s). Let y(k) = -2*k + 8. Let v(n) = -5*r(n) - 3*y(n). Determine v(-4).
-8
Let g(c) be the third derivative of 0 + 1/2*c**3 + 3*c**2 + 0*c + 1/4*c**4 + 1/60*c**5. Calculate g(-5).
-2
Let n(g) = g**3 - 4*g**2 + 3*g + 2. Let u be 1 + (-9)/(-3) + -2. Let l = 5 - u. What is n(l)?
2
Let c(i) = 2*i + 5. Let q be c(-4). Let w(t) = t**3 + 5*t**2 + 3*t - 2. Calculate w(q).
7
Let w(t) = 3*t - 9*t**2 - 1 - 3*t**2 + 13*t**2. Suppose 2*v = 5*v + 5*c - 6, 0 = -v - 3*c + 6. Determine w(v).
-1
Let m(n) be the third derivative of -n**4/24 - 2*n**3/3 - 9*n**2. Calculate m(-6).
2
Let a be (-3)/((-6)/4) - 3. Let u(x) be the third derivative of x**6/40 - x**3/6 - 4*x**2. What is u(a)?
-4
Let m(v) = -v - 4. Let w be m(-5). Let f(c) = 3*c**2 + c - 1. Calculate f(w).
3
Suppose -s + 24 = -5*s. Suppose 3*g - 8 = -4*z, -3*g + z + 9 = -4. Let y be (-98)/(-21) + g/s. Let m(j) = -j**2 + 2*j + 1. Give m(y).
-7
Let c(a) = -7*a - 2. Let d(v) = v + 1. Let n(g) = c(g) + 6*d(g). Give n(2).
2
Suppose 9 = 2*n + 1. Let f(x) = 4 - 6*x - n*x**2 + 2*x**3 + 0 + 1 - x**3. Determine f(5).
0
Let b(m) = -7*m + 11. Let z(y) = -3*y + 5. Suppose d = 7 - 12. Suppose 4*w + 1 = 9. Let i(t) = d*z(t) + w*b(t). What is i(0)?
-3
Let g(v) = -v**2. Let w(r) = 3*r**2 - r - 4. Let a(m) = -2*g(m) - w(m). Determine a(-4).
-16
Let s(v) = v**3 + 5*v**2 - 7*v - 9. Suppose -38 = 5*t + 4*g, -t - 10 = -4*g + 6*g. What is s(t)?
-3
Suppose 0 = q + 9*q. Let i(s) be the second derivative of -3*s + 1/2*s**2 + 1/12*s**4 + 2/3*s**3 + q. Give i(-3).
-2
Let o(v) = -4 + v - 3 + 4 + 0. Calculate o(6).
3
Let b = 2 + 4. Let c(n) = n**2 - 7*n - 8. Give c(b).
-14
Let m(r) = 0*r - 2*r**2 - 3*r - 2 + 2*r**2 + r**2. Calculate m(-2).
8
Suppose -33*j + 12 = -35*j. Let f(p) = p**3 + 6*p**2 + 5. Give f(j).
5
Let i be (-3)/(-1)*(-3 + 2). Let f = i + -1. Let q(r) = -r - 4. Calculate q(f).
0
Let f(n) = 11*n + 10. Let d(l) = 6*l + 5. Let c(r) = -5*d(r) + 3*f(r). Give c(-4).
-7
Let q(a) = -a**3 - 2 + 1 - 4*a**2 + 2*a**3 + 4 - 3*a. What is q(4)?
-9
Let z = -38 + 32. Let s(p) = p + 7. Give s(z).
1
Let r(d) = -2*d**3 + d. Let y be r(-1). Suppose g = 1 - 0. Let v(p) = -2*p - g - p**2 + 4 + 2*p**2 - 2. What is v(y)?
0
Let b(u) = u**2 + u + 1. Let q(l) = 2*l**3 - 5*l**2 - 6*l - 7. Suppose 4*c - 14 = -2*g - 3*g, 5 = -c + 3*g. Let d(x) = c*q(x) + 5*b(x). Calculate d(2).
12
Let l(k) = 3*k + 4. Let s(o) = -13*o - 17. Let t = -5 - 4. Let x(i) = t*l(i) - 2*s(i). Let u be (2/4)/(3/18). Give x(u).
-5
Let l(v) be the second derivative of 11/2*v**2 - 1/6*v**3 - 3*v + 0. Suppose -4*x + 0*x - 5*t = -45, 35 = 5*x + 2*t. What is l(x)?
6
Suppose 0 = 2*l - l - 2. Let a(n) be the third derivative of -n**4/4 + n**3/3 + 2*n**2. Determine a(l).
-10
Let f(c) = -6*c + 2 + 0 + 1 - 2. Suppose -2*i + 5 = 4*x - 3*i, 3*x = -4*i - 1. Give f(x).
-5
Let s(w) be the second derivative of 5*w**3/6 - w**2/2 + 20*w. Calculate s(-3).
-16
Let y(t) be the first derivative of -t**4/4 + 2*t**3/3 - 3*t**2/2 + t + 2. Let u be (-2)/3*12/(-4). Give y(u).
-5
Let t(f) be the first derivative of f**5/20 - f**4/3 + f**3/3 - 2*f - 3. Let l(m) be the first derivative of t(m). Determine l(2).
-4
Let o(i) = -i**3 - i**2 - i. Let b be o(0). Let x(k) = 4 - 2*k + k + b*k. Determine x(-5).
9
Let c(h) = -h - 12. Let b be c(-5). Let z(r) = -r - 4. What is z(b)?
3
Let i(v) be the third derivative of v**5/60 - v**4/3 + v**3/2 - 48*v**2. Determine i(6).
-9
Let d(n) = n**3 + n**2 + 1. Let k(m) = 4*m**3 + 3*m**2 + 11. Let p(j) = -3*d(j) + k(j). Let w be p(0). Let z(t) = w*t + 18 - 18. Calculate z(1).
8
Let i(m) = -4*m**2 - 3*m - 2*m**2 + m - 3*m - m**3. Let n(u) = 4*u**2 - u + 1. Let r be n(1). Suppose 0 = -r*g + g - 15. What is i(g)?
0
Let l(h) = 3 + 0 - 4 + 4*h. Determine l(1).
3
Suppose -2*j - j + 10 = k, 4*k - 18 = -j. Let v be j*(9/(-6) + 3). Let o(p) = p - 1. Give o(v).
2
Let b be (-4 - -7) + (-1 - -2). Let l(c) = -4*c - 4 + b. Calculate l(-2).
8
Let w(g) = g + 1. Let c(b) = 2*b + 3. Let l(m) = 3*c(m) - 5*w(m). Let u = 6 - 6. Determine l(u).
4
Let l(i) = -6 + 2 - i + 8. Give l(0).
4
Suppose 0 = 6*x + 4 + 8. Let q(i) = i**2 - i + 1. Determine q(x).
7
Let a(y) = 2*y**2 + y + 1. Let c(w) = -7*w**2 - 2*w - 3. Let i(z) = 4*a(z) + c(z). Determine i(-1).
0
Let v(g) = -19*g + 9*g + 7*g**2 + 9 + 5*g + 7*g + g**3. Give v(-7).
-5
Let q(t) = 2*t + 1. Let f(i) = -8*i - 5. Let u(y) = -2*f(y) - 9*q(y). Calculate u(3).
-5
Let k(c) = -4*c + 3. Let j(w) = 2*w - 2. Let x(l) = 5*j(l) + 3*k(l). Let f(q) = -q**3 - q**2 - 2. Let i be f(-2). Calculate x(i).
-5
Suppose -1 = 2*x + 5. Let c = 4 + x. Let m(g) = 3 - 4*g**3 + c - 4*g**2 + 3*g**3. What is m(-4)?
4
Let v(p) = -p. Let a(d) = -d**3 + 2*d**2 - d - 3. Let g(k) = a(k) - 6*v(k). Let o be (-18)/8*24/6. Let s be (3/o)/(1/(-9)). What is g(s)?
3
Let p(x) = -x**2 + 6*x - 6. Suppose -4*o + 6 = -5*o. Let y be (-34)/o + (-2)/3. Determine p(y).
-1
Let f(s) = s**3 + 6*s**2 + 2*s - 4. Let y = -8 - -5. What is f(y)?
17
Let v(i) = 7 + i - 3 - 4. Let r be v(-5). Let a(d) = -2*d + 5*d + 3*d - 3 + d**2. Determine a(r).
-8
Let t = -16 + 27. Suppose -p - 3*d = t, -4*d - 7 = 4*p + 5. Let z(l) = -l + p + 4*l + 5*l**2 - 4*l**2. Determine z(-2).
-1
Let h(q) = -q**3 - 12*q**2 - 10*q + 9. Let w be h(-11). Let i be 10 + w*(-2 - -3). Suppose 2*f + 0 = i. Let o(j) = j + 1. Calculate o(f).
5
Let z(h) = h**2 + 11*h - 3. Let n be 18/12*(-66)/9. What is z(n)?
-3
Let t = 0 + 0. Let w(c) be the second derivative of -1/20*c**5 - 1/12*c**4 - 1/2*c**2 + c + 0 - 1/6*c**3. What is w(t)?
-1
Let f(q) = q**3 - 5*q**2 + 4*q - 4. Suppose w + 4*c - 4 - 16 = 0, -5*w - 2*c + 28 = 0. Give f(w).
-4
Let l be (30/(1 - -4))/2. Let u(h) be the second derivative of 0 - 1/3*h**l + 5/12*h**4 + 1/2*h**2 - 1/20*h**5 + h. Give u(4).
9
Let w(k) = -3*k + 4. Let b(c) = -1. Let d(j) = -2*b(j) - w(j). Let z = 4 + -6. Determine d(z).
-8
Let r = 66 - 70. Let h(y) = 3*y + 4. Determine h(r).
-8
Let c be (-4*2 - -3)/(-1). Suppose c*v = -2*n + v - 20, 25 = 4*n - 5*v. Let k(g) = -g**2 + 1. Determine k(n).
1
Let n(i) = 2*i**3 + 5*i**2 + 2*i + 3. Suppose 2*c - 9 = 5*c - 3*p, -11 = 2*c - 3*p. Let x(b) = -b**2. Let l(r) = c*x(r) + n(r). What is l(-2)?
-5
Let s be (6/8)/(3/(-12)). Let d(r) = r**2 - 4. Determine d(s).
5
Let d(s) = 5*s + 1. Suppose -z + 33 + 29 = 5*r, 3*r + 5*z - 24 = 0. Let k(n) = -11*n - 2. Let g(p) = r*d(p) + 6*k(p). Give g(1).
0
Let t(s) = 6 - 12*s**3 - 3 - 3. Let a = -47 + 48. Calculate t(a).
-12
Let o be (6/8)/(60/400). Let d(q) = q**3 - 7*q**2 + 6*q + 6. Calculate d(o).
-14
Let b(x) = -4*x**2 - 1 + 29*x - 17*x - 14*x. Calculate b(-2).
-13
Let l(q) = -12*q**3 + 2*q**2 - 1. Let j = 50 + -49. Give l(j).
-11
Let z(b) = b**2 + 4*b + 3. Let q = 50 + -52. Give z(q).
-1
Let q(r) = -r**2 + 6*r - 5. Suppose 1 = d + a, -12 = -3*a - 0. Let f be 6/18 + (-11)/d. Determine q(f).
3
Let v(m) = m**3 - m**2 + m - 1. Let t(q) = 3*q**3 - 5*q**2 + 7*q - 7. Let a(d) = -t(d) + 6*v(d). Let x(w) = -w. Let j be x(-1). What is a(j)?
2
Suppose 2*r - 2 = 8. Suppose 30 = -r*h + 4*q, h + 0*q = 2*q - 6. Let k(y) = y**3 + 5*y**2 - 8*y - 2. What is k(h)?
10
Let g(x) be the third derivative of -2/3*x**3 + 4*x**2 + 0*x - 1/12*x**4 + 1/30*x**5 + 1/120*x**6 + 0. Let c(z) = z**2 + z - 3. Let h be c(0). Give g(h).
-7
Let g(r) be the second derivative of 0 + 1/20*r**5 - r**2 - 1/3*r**4 - 1/6*r**3 + 2*r. Suppose -27 = -3*k - 0*s - 3*s, -2*s = -10. Give g(k).
-6
Suppose 18 = 3*y + 3. Suppose 2*t = h - 4, -2*h + y*t = -4*h + 8. Let o(x) = -x**2 + 2*x + 2. Calculate o(h).
-6
Let v(m) be the first derivative of -3/2*m**2 + 1/3*m**3 - 6*m + 1. Let x be (-25)/2*(-3)/(30/4). Calculate v(x).
4
Let i(h) = -h**3 + 14*h**2 - 14*h + 16. Let l be i(13). Let g(s) = s**3 - 2*s**2 + 2. Calculate g(l).
11
Let c(p) be the second derivative of -p**4/24 - 3*p**3/2 + p**2/2 + 4*p. Let q(a) be the first derivative of c(a). What is q(-6)?
-3
Let d(s) = 3*s - 4. Let t(u) = u. Let n(b) = -d(b) + 4*t(b). What is n(-6)?
-2
Let i(o) be the second derivative of o**5/20 - 7*o**4/12 + o**3 + 3*o**2 + o. Suppose 11*w - 12*w + 2 = 0. Suppose -4 - 8 = -w*z. What is i(z)?
6
Suppose -46*z - 6 = 